{"id":7,"date":"2023-04-19T00:00:05","date_gmt":"2023-04-18T22:00:05","guid":{"rendered":"https:\/\/natureenpixels.terryguardia.com\/?page_id=7"},"modified":"2023-04-19T18:02:42","modified_gmt":"2023-04-19T16:02:42","slug":"a-propos","status":"publish","type":"page","link":"https:\/\/natureenpixels.terryguardia.com\/index.php\/a-propos\/","title":{"rendered":""},"content":{"rendered":"\n<div class=\"wp-block-group is-layout-constrained\"><div class=\"wp-block-group__inner-container\">\n<h2 class=\"wp-block-heading\"><strong>Qui suis-je ?<\/strong><\/h2>\n\n\n\n<div class=\"wp-block-columns are-vertically-aligned-top is-layout-flex wp-container-3\">\n<div class=\"wp-block-column is-vertically-aligned-top is-layout-flow\">\n<p>Je m&#8217;appelle <strong>Guillaume<\/strong> et je suis un fleuriste passionn\u00e9 de <strong>nature<\/strong> et de <strong>photographie<\/strong>. J&#8217;ai grandi dans une petite ville de la campagne fran\u00e7aise, o\u00f9 j&#8217;ai d\u00e9velopp\u00e9 mon amour pour la <strong>nature<\/strong> et la beaut\u00e9 des fleurs.<\/p>\n\n\n\n<p>J&#8217;ai \u00e9tudi\u00e9 l&#8217;horticulture et la <strong>photographie<\/strong> \u00e0 l&#8217;universit\u00e9, et j&#8217;ai ensuite d\u00e9cid\u00e9 de combiner mes deux passions en devenant fleuriste et photographe. J&#8217;ai ouvert ma propre boutique de fleurs, Lafleur, \u00e0 <strong>Lourmarin<\/strong>, pour offrir \u00e0 mes clients des fleurs et des <strong>plantes<\/strong> de qualit\u00e9 sup\u00e9rieure. J&#8217;ai \u00e9galement commenc\u00e9 \u00e0 explorer ma passion pour la <strong>photographie<\/strong> en capturant les couleurs et les textures de la <strong>nature<\/strong> dans mes photos.<\/p>\n<\/div>\n\n\n\n<div class=\"wp-block-column is-vertically-aligned-top is-layout-flow\">\n<figure class=\"wp-block-image size-large\"><img decoding=\"async\" loading=\"lazy\" width=\"683\" height=\"1024\" src=\"http:\/\/natureenpixels.terryguardia.com\/wp-content\/uploads\/2023\/04\/homme-plein-coup-posant-exterieur-683x1024.jpg\" alt=\"\" class=\"wp-image-94\" srcset=\"https:\/\/natureenpixels.terryguardia.com\/wp-content\/uploads\/2023\/04\/homme-plein-coup-posant-exterieur-683x1024.jpg 683w, https:\/\/natureenpixels.terryguardia.com\/wp-content\/uploads\/2023\/04\/homme-plein-coup-posant-exterieur-200x300.jpg 200w, https:\/\/natureenpixels.terryguardia.com\/wp-content\/uploads\/2023\/04\/homme-plein-coup-posant-exterieur-768x1151.jpg 768w, https:\/\/natureenpixels.terryguardia.com\/wp-content\/uploads\/2023\/04\/homme-plein-coup-posant-exterieur-1025x1536.jpg 1025w, https:\/\/natureenpixels.terryguardia.com\/wp-content\/uploads\/2023\/04\/homme-plein-coup-posant-exterieur-1366x2048.jpg 1366w, https:\/\/natureenpixels.terryguardia.com\/wp-content\/uploads\/2023\/04\/homme-plein-coup-posant-exterieur-2000x2998.jpg 2000w, https:\/\/natureenpixels.terryguardia.com\/wp-content\/uploads\/2023\/04\/homme-plein-coup-posant-exterieur-scaled.jpg 1708w\" sizes=\"(max-width: 683px) 100vw, 683px\" \/><\/figure>\n<\/div>\n<\/div>\n\n\n\n<p><\/p>\n<\/div><\/div>\n\n\n\n<div class=\"wp-block-group is-layout-constrained\"><div class=\"wp-block-group__inner-container\">\n<div class=\"wp-block-columns is-layout-flex wp-container-6\">\n<div class=\"wp-block-column is-layout-flow\">\n<p class=\"has-text-align-left\">Avec ce blog, je souhaite partager ma passion pour la <strong>nature<\/strong> et la <strong>photographie<\/strong> avec les autres, tout en mettant en valeur les articles que je vends sur ma boutique en ligne. Mon objectif est d&#8217;inspirer mes lecteurs \u00e0 d\u00e9couvrir la beaut\u00e9 de la <strong>nature<\/strong> qui nous entoure et \u00e0 en apprendre davantage sur la flore locale.<\/p>\n\n\n\n<p><div id=\"__next\"><div class=\"overflow-hidden w-full h-full relative flex\"><div class=\"flex h-full max-w-full flex-1 flex-col\"><main class=\"relative h-full w-full transition-width flex flex-col overflow-hidden items-stretch flex-1\"><div class=\"flex-1 overflow-hidden\"><div class=\"react-scroll-to-bottom--css-zobga-79elbk h-full dark:bg-gray-800\"><div class=\"react-scroll-to-bottom--css-zobga-1n7m0yu\"><div class=\"flex flex-col items-center text-sm dark:bg-gray-800\"><div class=\"group w-full text-gray-800 dark:text-gray-100 border-b border-black\/10 dark:border-gray-900\/50 bg-gray-50 dark:bg-[#444654]\"><div class=\"text-base gap-4 md:gap-6 md:max-w-2xl lg:max-w-xl xl:max-w-3xl p-4 md:py-6 flex lg:px-0 m-auto\"><div class=\"relative flex w-[calc(100%-50px)] flex-col gap-1 md:gap-3 lg:w-[calc(100%-115px)]\"><div class=\"flex flex-grow flex-col gap-3\"><div class=\"min-h-[20px] flex flex-col items-start gap-4 whitespace-pre-wrap\"><div class=\"markdown prose w-full break-words dark:prose-invert light\"><p>Je suis tr\u00e8s engag\u00e9 dans la promotion de ma boutique physique et en ligne, et je suis toujours \u00e0 la recherche de nouvelles id\u00e9es pour am\u00e9liorer mes comp\u00e9tences et offrir des produits et des services de qualit\u00e9 sup\u00e9rieure \u00e0 mes clients. Mon exp\u00e9rience en <strong>fleuristerie<\/strong> et en <strong>photographie<\/strong> m&#8217;a permis de d\u00e9velopper une expertise dans ces domaines, que je souhaite partager avec mes lecteurs.<\/p><\/div><\/div><\/div><\/div><\/div><\/div><\/div><\/div><\/div><\/div><\/main><\/div><\/div><\/div><\/p>\n\n\n\n<p>N&#8217;h\u00e9sitez pas \u00e0 me contacter si vous avez des questions ou des commentaires, je suis toujours heureux d&#8217;\u00e9changer avec mes lecteurs.<\/p>\n<\/div>\n<\/div>\n\n\n\n<figure class=\"wp-block-image size-large\"><img decoding=\"async\" loading=\"lazy\" width=\"1024\" height=\"683\" src=\"http:\/\/natureenpixels.terryguardia.com\/wp-content\/uploads\/2023\/04\/tir-horizontal-champ-belles-fleurs-lavande-anglais-violet-sous-ciel-nuageux-colore-1024x683.jpg\" alt=\"\" class=\"wp-image-143\" srcset=\"https:\/\/natureenpixels.terryguardia.com\/wp-content\/uploads\/2023\/04\/tir-horizontal-champ-belles-fleurs-lavande-anglais-violet-sous-ciel-nuageux-colore-1024x683.jpg 1024w, https:\/\/natureenpixels.terryguardia.com\/wp-content\/uploads\/2023\/04\/tir-horizontal-champ-belles-fleurs-lavande-anglais-violet-sous-ciel-nuageux-colore-300x200.jpg 300w, https:\/\/natureenpixels.terryguardia.com\/wp-content\/uploads\/2023\/04\/tir-horizontal-champ-belles-fleurs-lavande-anglais-violet-sous-ciel-nuageux-colore-768x513.jpg 768w, https:\/\/natureenpixels.terryguardia.com\/wp-content\/uploads\/2023\/04\/tir-horizontal-champ-belles-fleurs-lavande-anglais-violet-sous-ciel-nuageux-colore-1536x1025.jpg 1536w, https:\/\/natureenpixels.terryguardia.com\/wp-content\/uploads\/2023\/04\/tir-horizontal-champ-belles-fleurs-lavande-anglais-violet-sous-ciel-nuageux-colore-2048x1367.jpg 2048w, https:\/\/natureenpixels.terryguardia.com\/wp-content\/uploads\/2023\/04\/tir-horizontal-champ-belles-fleurs-lavande-anglais-violet-sous-ciel-nuageux-colore-2000x1335.jpg 2000w\" sizes=\"(max-width: 1024px) 100vw, 1024px\" \/><\/figure>\n\n\n\n<p><\/p>\n<\/div><\/div>\n","protected":false},"excerpt":{"rendered":"<p>Qui suis-je ? Je m&#8217;appelle Guillaume et je suis un fleuriste passionn\u00e9 de nature et de photographie. J&#8217;ai grandi dans une petite ville de la campagne fran\u00e7aise, o\u00f9 j&#8217;ai d\u00e9velopp\u00e9 mon amour pour la nature et la beaut\u00e9 des fleurs. J&#8217;ai \u00e9tudi\u00e9 l&#8217;horticulture et la photographie \u00e0 l&#8217;universit\u00e9, et j&#8217;ai ensuite d\u00e9cid\u00e9 de combiner mes &hellip; <\/p>\n<p class=\"link-more\"><a href=\"https:\/\/natureenpixels.terryguardia.com\/index.php\/a-propos\/\" class=\"more-link\">Read more<span class=\"screen-reader-text\"> &#8220;&#8221;<\/span><\/a><\/p>\n","protected":false},"author":1,"featured_media":138,"parent":0,"menu_order":0,"comment_status":"closed","ping_status":"closed","template":"","meta":[],"_links":{"self":[{"href":"https:\/\/natureenpixels.terryguardia.com\/index.php\/wp-json\/wp\/v2\/pages\/7"}],"collection":[{"href":"https:\/\/natureenpixels.terryguardia.com\/index.php\/wp-json\/wp\/v2\/pages"}],"about":[{"href":"https:\/\/natureenpixels.terryguardia.com\/index.php\/wp-json\/wp\/v2\/types\/page"}],"author":[{"embeddable":true,"href":"https:\/\/natureenpixels.terryguardia.com\/index.php\/wp-json\/wp\/v2\/users\/1"}],"replies":[{"embeddable":true,"href":"https:\/\/natureenpixels.terryguardia.com\/index.php\/wp-json\/wp\/v2\/comments?post=7"}],"version-history":[{"count":17,"href":"https:\/\/natureenpixels.terryguardia.com\/index.php\/wp-json\/wp\/v2\/pages\/7\/revisions"}],"predecessor-version":[{"id":145,"href":"https:\/\/natureenpixels.terryguardia.com\/index.php\/wp-json\/wp\/v2\/pages\/7\/revisions\/145"}],"wp:featuredmedia":[{"embeddable":true,"href":"https:\/\/natureenpixels.terryguardia.com\/index.php\/wp-json\/wp\/v2\/media\/138"}],"wp:attachment":[{"href":"https:\/\/natureenpixels.terryguardia.com\/index.php\/wp-json\/wp\/v2\/media?parent=7"}],"curies":[{"name":"wp","href":"https:\/\/api.w.org\/{rel}","templated":true}]}}